 factor of 77148 and 36?
36
What is the greatest common divisor of 1192 and 8?
8
What is the highest common divisor of 688 and 48?
16
What is the greatest common divisor of 234 and 4563?
117
Calculate the highest common factor of 305 and 5.
5
Calculate the highest common factor of 119 and 5117.
119
What is the highest common factor of 148 and 692?
4
Calculate the highest common divisor of 336 and 1239.
21
Calculate the highest common divisor of 24 and 96.
24
What is the highest common divisor of 70 and 3020?
10
Calculate the greatest common factor of 99 and 6501.
33
Calculate the greatest common factor of 14 and 63.
7
Calculate the greatest common divisor of 126 and 72.
18
Calculate the greatest common factor of 14350 and 41.
41
Calculate the highest common divisor of 1498 and 14.
14
Calculate the greatest common divisor of 27 and 135.
27
Calculate the greatest common divisor of 25 and 95.
5
Calculate the highest common factor of 99 and 4015.
11
Calculate the greatest common factor of 17 and 2788.
17
What is the greatest common factor of 338 and 65?
13
What is the greatest common factor of 75 and 750?
75
Calculate the greatest common factor of 153 and 102.
51
Calculate the greatest common factor of 2156 and 121.
11
What is the highest common divisor of 68 and 1836?
68
What is the highest common divisor of 50 and 5450?
50
Calculate the highest common factor of 1026 and 38.
38
What is the greatest common factor of 5213 and 13?
13
What is the highest common divisor of 1029 and 4459?
343
What is the greatest common divisor of 906 and 12?
6
Calculate the highest common factor of 132 and 11.
11
Calculate the highest common factor of 257 and 43176.
257
What is the highest common factor of 7 and 301?
7
Calculate the highest common divisor of 112 and 448.
112
What is the greatest common factor of 756 and 2394?
126
What is the greatest common divisor of 310 and 30?
10
What is the greatest common divisor of 726 and 66?
66
Calculate the highest common factor of 214 and 13482.
214
Calculate the greatest common divisor of 570 and 5586.
114
Calculate the highest common factor of 43 and 2021.
43
Calculate the highest common factor of 595 and 35.
35
What is the highest common factor of 1104 and 23?
23
What is the greatest common divisor of 48 and 3684?
12
What is the highest common divisor of 50 and 1690?
10
Calculate the greatest common factor of 832 and 117.
13
What is the greatest common divisor of 1179 and 524?
131
What is the greatest common divisor of 2346 and 1794?
138
What is the highest common factor of 44974 and 398?
398
Calculate the highest common divisor of 128 and 8.
8
Calculate the highest common factor of 188 and 55460.
188
What is the highest common divisor of 234 and 390?
78
What is the highest common factor of 56 and 3248?
56
Calculate the highest common factor of 775 and 31.
31
What is the greatest common divisor of 903 and 336?
21
Calculate the greatest common factor of 56 and 9212.
28
What is the highest common factor of 2628 and 72?
36
Calculate the greatest common factor of 91 and 1001.
91
Calculate the greatest common divisor of 506 and 5612.
46
What is the highest common factor of 237 and 5293?
79
What is the greatest common divisor of 3 and 6?
3
What is the greatest common factor of 156 and 117?
39
What is the highest common factor of 29312 and 229?
229
Calculate the highest common divisor of 108 and 84.
12
Calculate the greatest common divisor of 122 and 183.
61
What is the greatest common divisor of 61 and 61?
61
What is the highest common factor of 91 and 871?
13
Calculate the greatest common factor of 110 and 90.
10
What is the greatest common factor of 129 and 860?
43
Calculate the greatest common divisor of 63 and 576.
9
Calculate the greatest common divisor of 3795 and 4140.
345
Calculate the greatest common factor of 22 and 18898.
22
What is the highest common divisor of 149400 and 498?
498
What is the highest common divisor of 1520 and 2720?
80
What is the greatest common factor of 380 and 76?
76
What is the greatest common divisor of 1305 and 135?
45
Calculate the greatest common factor of 66 and 88.
22
What is the highest common divisor of 1462 and 430?
86
What is the highest common divisor of 42 and 168?
42
What is the greatest common divisor of 20 and 2740?
20
What is the highest common factor of 640 and 40?
40
What is the greatest common factor of 10922 and 344?
86
What is the highest common divisor of 112 and 144?
16
What is the highest common factor of 20 and 610?
10
Calculate the highest common factor of 1602 and 144.
18
Calculate the greatest common divisor of 44 and 836.
44
Calculate the highest common divisor of 5 and 3515.
5
What is the greatest common factor of 164 and 9225?
41
What is the greatest common divisor of 27 and 1872?
9
Calculate the highest common factor of 54 and 747.
9
What is the greatest common factor of 16153 and 58?
29
What is the highest common divisor of 1 and 61?
1
Calculate the highest common factor of 22 and 88.
22
What is the greatest common factor of 913 and 332?
83
Calculate the greatest common factor of 22 and 517.
11
Calculate the highest common divisor of 47 and 5029.
47
Calculate the greatest common divisor of 3180 and 42.
6
What is the highest common factor of 9 and 549?
9
What is the highest common divisor of 322 and 784?
14
What is the greatest common divisor of 104 and 13?
13
What is the greatest common divisor of 1892 and 44?
44
Calculate the highest common factor of 30 and 22.
2
What is the highest common divisor of 30 and 4170?
30
What is the highest common divisor of 61092 and 36?
36
Calculate the highest common divisor of 14832 and 1008.
144
Calculate the greatest common divisor of 1152 and 3.
3
What is the highest common divisor of 344 and 43?
43
Calculate the highest common factor of 536 and 201.
67
What is the highest common divisor of 369 and 36?
9
What is the highest common factor of 3875 and 125?
125
Calculate the highest common divisor of 207 and 1179.
9
What is the greatest common divisor of 2070 and 27?
9
What is the greatest common factor of 768 and 1248?
96
Calculate the greatest common factor of 539 and 418.
11
Calculate the highest common factor of 21 and 1057.
7
What is the greatest common factor of 574 and 28?
14
What is the greatest common divisor of 18 and 342?
18
Calculate the greatest common factor of 133 and 4123.
133
What is the highest common divisor of 3707 and 88?
11
What is the greatest common factor of 24 and 6912?
24
What is the greatest common factor of 47 and 423?
47
Calculate the greatest common divisor of 34 and 10710.
34
Calculate the greatest common divisor of 4600 and 56.
8
Calculate the greatest common factor of 114 and 150.
6
What is the greatest common factor of 74 and 2?
2
Calculate the highest common factor of 58828 and 28.
28
What is the highest common factor of 252 and 84?
84
Calculate the highest common divisor of 85 and 391.
17
What is the greatest common factor of 39 and 637?
13
What is the highest common factor of 413 and 590?
59
What is the greatest common divisor of 27324 and 460?
92
What is the highest common divisor of 611 and 47?
47
What is the greatest common factor of 33 and 12309?
33
Calculate the highest common divisor of 99 and 6039.
99
Calculate the greatest common factor of 6 and 366.
6
What is the greatest common factor of 155 and 558?
31
What is the highest common factor of 242 and 2057?
121
Calculate the greatest common divisor of 259 and 888.
37
What is the greatest common factor of 16 and 21?
1
What is the greatest common divisor of 59 and 11387?
59
What is the greatest common factor of 4077 and 135?
27
What is the highest common divisor of 1098 and 27?
9
Calculate the highest common divisor of 350 and 70.
70
What is the greatest common factor of 2432 and 128?
128
What is the greatest common divisor of 75 and 315?
15
What is the highest common factor of 31638 and 6?
6
Calculate the greatest common factor of 3213 and 4158.
189
What is the highest common factor of 22 and 341?
11
Calculate the greatest common divisor of 91 and 4264.
13
What is the highest common factor of 26 and 1144?
26
What is the highest common divisor of 121 and 55?
11
What is the highest common factor of 18 and 54?
18
Calculate the highest